ided by 1446?
105
What is the remainder when 8066143 is divided by 1148?
295
What is the remainder when 90102 is divided by 679?
474
Calculate the remainder when 38778 is divided by 4491.
2850
Calculate the remainder when 5961573 is divided by 371.
345
What is the remainder when 28419 is divided by 13754?
911
What is the remainder when 5846045 is divided by 193?
75
Calculate the remainder when 4708701 is divided by 463.
454
What is the remainder when 183744608 is divided by 2209?
2197
What is the remainder when 418297 is divided by 7746?
13
Calculate the remainder when 639552 is divided by 6460.
12
What is the remainder when 5105928 is divided by 3771?
3765
What is the remainder when 187466 is divided by 314?
8
What is the remainder when 48709661 is divided by 272121?
2
Calculate the remainder when 4732220 is divided by 315481.
5
What is the remainder when 1617008 is divided by 101063?
0
Calculate the remainder when 3999056 is divided by 1333012.
20
What is the remainder when 105298 is divided by 93?
22
Calculate the remainder when 317464 is divided by 10612.
9716
Calculate the remainder when 2721166 is divided by 142.
20
What is the remainder when 71734404 is divided by 11198?
16
What is the remainder when 22200 is divided by 1169?
1158
What is the remainder when 30583 is divided by 1165?
293
What is the remainder when 44896448 is divided by 9?
2
Calculate the remainder when 787359 is divided by 38.
37
Calculate the remainder when 154854 is divided by 22109.
91
Calculate the remainder when 1930286067 is divided by 164.
163
Calculate the remainder when 7263154 is divided by 14411.
10
What is the remainder when 64178586 is divided by 176?
10
What is the remainder when 94562 is divided by 31206?
944
What is the remainder when 10466612 is divided by 125?
112
Calculate the remainder when 168726 is divided by 629.
154
Calculate the remainder when 11223 is divided by 549.
243
What is the remainder when 1557103 is divided by 19?
15
Calculate the remainder when 3631254 is divided by 3631187.
67
What is the remainder when 6792730 is divided by 13531?
168
What is the remainder when 1200384 is divided by 362?
354
Calculate the remainder when 4062373 is divided by 3490.
13
What is the remainder when 39215901 is divided by 16?
13
Calculate the remainder when 79503687 is divided by 42.
39
Calculate the remainder when 37441606 is divided by 21.
13
What is the remainder when 205354904 is divided by 198?
194
Calculate the remainder when 347930 is divided by 2909.
1759
What is the remainder when 773037 is divided by 279?
207
What is the remainder when 18606377 is divided by 343?
342
What is the remainder when 775660 is divided by 193879?
144
Calculate the remainder when 473466 is divided by 234.
84
Calculate the remainder when 159509617 is divided by 25.
17
Calculate the remainder when 192127309 is divided by 4264.
4261
What is the remainder when 3023771 is divided by 251980?
11
What is the remainder when 6307447 is divided by 1288?
111
What is the remainder when 141563647 is divided by 83?
9
Calculate the remainder when 123656 is divided by 1715.
176
Calculate the remainder when 11047602 is divided by 666.
660
What is the remainder when 2312132 is divided by 2312027?
105
What is the remainder when 862854 is divided by 587?
551
What is the remainder when 56687 is divided by 11330?
37
Calculate the remainder when 2351826525 is divided by 16.
13
Calculate the remainder when 110893 is divided by 4010.
2623
What is the remainder when 678575 is divided by 338958?
659
Calculate the remainder when 2099540 is divided by 209946.
80
What is the remainder when 271638 is divided by 66?
48
What is the remainder when 2456346 is divided by 858?
750
Calculate the remainder when 85644 is divided by 12168.
468
Calculate the remainder when 28868659 is divided by 297615.
4
What is the remainder when 11942274 is divided by 168?
162
What is the remainder when 5064617 is divided by 15347?
107
Calculate the remainder when 1790176 is divided by 127866.
52
What is the remainder when 434119 is divided by 174?
163
What is the remainder when 4087920 is divided by 5022?
12
Calculate the remainder when 89712 is divided by 3450.
12
Calculate the remainder when 175682 is divided by 5662.
160
What is the remainder when 209134 is divided by 14762?
2466
Calculate the remainder when 234170 is divided by 28.
6
What is the remainder when 5318704 is divided by 2659278?
148
What is the remainder when 288482 is divided by 548?
234
Calculate the remainder when 5073 is divided by 4911.
162
What is the remainder when 24857353 is divided by 312?
1
Calculate the remainder when 30668915 is divided by 5983.
57
What is the remainder when 49609516 is divided by 12402372?
28
Calculate the remainder when 30107307 is divided by 2863.
2862
What is the remainder when 615404 is divided by 4003?
2945
What is the remainder when 64873629 is divided by 192?
93
Calculate the remainder when 127009 is divided by 15824.
417
What is the remainder when 1571142 is divided by 523713?
3
What is the remainder when 414259 is divided by 2431?
989
Calculate the remainder when 27586860 is divided by 27586844.
16
Calculate the remainder when 18585 is divided by 2067.
2049
What is the remainder when 15289275 is divided by 4716?
3
What is the remainder when 505497 is divided by 54?
3
Calculate the remainder when 22041 is divided by 4345.
316
What is the remainder when 224939 is divided by 13220?
199
What is the remainder when 3189 is divided by 320?
309
Calculate the remainder when 4351861 is divided by 734.
709
Calculate the remainder when 3401298 is divided by 44.
10
What is the remainder when 131547579 is divided by 2481?
2478
What is the remainder when 216730 is divided by 2146?
2130
What is the remainder when 3022493 is divided by 205?
178
What is the remainder when 3262298 is divided by 35?
18
What is the remainder when 2990968 is divided by 244?
16
What is the remainder when 761003 is divided by 108429?
2000
Calculate the remainder when 4958320 is divided by 1708.
1704
What is the remainder when 365573 is divided by 40615?
38
Calculate the remainder when 816545 is divided by 991.
952
What is the remainder when 5516780 is divided by 1379176?
76
What is the remainder when 1783590 is divided by 590?
20
Calculate the remainder when 1185390 is divided by 592680.
30
What is the remainder when 278266 is divided by 30890?
256
What is the remainder when 181888 is divided by 179564?
2324
What is the remainder when 26357700 is divided by 791?
789
What is the remainder when 11937342 is divided by 1705334?
4
Calculate the remainder when 31438614 is divided by 65.
64
What is the remainder when 73427 is divided by 816?
803
What is the remainder when 42299 is divided by 2444?
751
Calculate the remainder when 1012374 is divided by 506134.
106
What is the remainder when 1093591 is divided by 57552?
103
What is the remainder when 102611 is divided by 1581?
1427
What is the remainder when 625931 is divided by 829?
36
What is the remainder when 1658990 is divided by 127611?
47
Calculate the remainder when 1403110 is divided by 31.
19
What is the remainder when 342306 is divided by 13450?
6056
Calculate the remainder when 169571074 is divided by 1775.
1774
What is the remainder when 29098 is divided by 5772?
238
Calculate the remainder when 2641437 is divided by 1320703.
31
What is the remainder when 74514 is divided by 1504?
818
Calculate the remainder when 1142314 is divided by 380713.
175
What is the remainder when 12402355 is divided by 192?
115
Calculate the remainder when 879621 is divided by 269.
260
What is the remainder when 911062 is divided by 26029?
47
Calculate the remainder when 4908023 is divided by 11.
10
Calculate the remainder when 170518229 is divided by 27.
26
What is the remainder when 653119 is divided by 71?
61
What is the remainder when 28919723 is divided by 17753?
86
Calculate the remainder when 613895 is divided by 4914.
4559
Calculate the remainder when 61868848 is divided by 557377.
1
Calculate the remainder when 77999 is divided by 2538.
1859
Calculate the remainder when 12252692 is divided by 1225269.
2
Calculate the remainder when 141322 is divided by 2221.
1399
Calculate the remainder when 4184573 is divided by 130